. Let n be (2 + (-10)/4)*-4. What is the remainder when i is divided by 5 - n - -11 - -3?
14
Let h be (16/(-20))/(6/15) + -2. Let w(c) = -c**3 - 2*c**2 + 2*c - 8. What is the remainder when (62/3)/(3/9) is divided by w(h)?
14
Let p be (-3)/(-6) - (-5)/(-2). Let h = 53 + -5. What is the remainder when h is divided by (-27)/p + (-10)/20?
9
Suppose f - 4 = 13. Suppose -49 - 7 = -14*x. What is the remainder when (0 - 1/(-1))*f is divided by x?
1
Suppose 3*g + 49 = 4*g. Let d = 18 + -8. Suppose d = l - 16. Calculate the remainder when g is divided by l.
23
Suppose 13*t - 394 - 87 = 0. What is the remainder when 737 is divided by t?
34
Let s(v) = -19*v - 53. Let i(f) = -19*f - 53. Let h(d) = -3*i(d) + 2*s(d). Calculate the remainder when h(4) is divided by 11.
8
What is the remainder when 166 is divided by (-7)/((-504)/711) + (-1)/(-8)?
6
Suppose 2*g = 91 - 11. Calculate the remainder when g is divided by (4/5)/((-8)/(-140)).
12
Suppose -4*p + 271 = 5*n - 7*p, -p + 210 = 4*n. What is the remainder when n is divided by 7?
4
Let y = -39 + 68. Suppose -y = -2*v - 1. What is the remainder when 8/16 + (-98)/(-4) is divided by v?
11
Let i = -143 - -259. What is the remainder when i is divided by 64?
52
Suppose 17872 = 99*r + 1042. Calculate the remainder when r is divided by 385/9 - 6/(-27).
41
Suppose 0 = -6*q + 2*q + 52. Suppose 5*z - 112 = -3*z. What is the remainder when (-40)/10*q/(-2) is divided by z?
12
Let j = -115 - -133. What is the remainder when 88 is divided by j?
16
Let t(c) = c**2 - 36*c + 367. What is the remainder when 300 is divided by t(18)?
42
Let v be 0 - (-107 + -2 - -4). Suppose 11*q = 6*q + v. Suppose c + c = w - 18, 2*w - q = -c. Calculate the remainder when w is divided by 7.
5
Suppose -r = -5*u - 6, 0 = -2*r - 2*u - 2*u + 12. What is the remainder when (-6 - 0)/(28/(-126)) is divided by r?
3
Let u(t) = -7*t - 34. What is the remainder when u(-7) is divided by 6?
3
Let s = -15 + 27. What is the remainder when (-675)/(-21) + 5/(35/13) + -1 is divided by s?
9
Let c(u) be the third derivative of -u**5/4 + u**4/4 + u**3/6 + 5*u**2. Let z be c(-3). Calculate the remainder when 47 is divided by (-1)/(z/50 - -3).
22
Let h be 14 + -11 - (-4)/(-1 - -3). Suppose -h*g + 44 = 2*i, -g - 5*i = -2*g - 2. What is the remainder when 47 is divided by g?
7
Let a be ((-27)/18)/(9/12*-1). Suppose g + m + 21 = a*g, -4*g = 2*m - 84. Calculate the remainder when -4*(8*-2 + 1) is divided by g.
18
Let a be (-2)/(-9) - 14444/(-207). Let v = -54 + a. What is the remainder when 59 is divided by v?
11
Suppose 24*r = -7*r + 527. What is the remainder when 82 is divided by r?
14
Let y = 644 - 635. Calculate the remainder when 105 is divided by y.
6
Let g(m) be the third derivative of 7*m**4/24 + 2*m**3/3 - 5*m**2. Let p be g(3). Let s = 43 - p. What is the remainder when s is divided by 5?
3
Let h = -258 + 306. Calculate the remainder when 381 is divided by h.
45
Suppose 0 = 4*d - 3*s - 247, 4*s + 308 = 5*d - 0*d. Let a = -53 + d. Let f(c) = c - 1. What is the remainder when a is divided by f(7)?
5
Suppose -7*z = -144 + 18. What is the remainder when 64 is divided by z?
10
Suppose 88 = 2*g - 22. Suppose c + 40 = g. Let h = 0 - -6. Calculate the remainder when c is divided by h.
3
Suppose 0*q - 3*q = -45. Suppose -16*d + q*d + 15 = 0. What is the remainder when 55 is divided by d?
10
Suppose 2*d + 5*p = -8, 4*d - 3*p + 16 = 52. Suppose d*k - 45 = 9. Let b = 23 + -8. What is the remainder when b is divided by k?
6
Let n(u) = -3*u**2 + 61*u - 44. What is the remainder when n(18) is divided by 38?
6
Let l = 130 - 70. What is the remainder when (-2)/(-3)*l*(4 - 3) is divided by 21?
19
Let o(b) = b**3 - 4*b**2 + 2. Let k be o(4). Suppose k = -5*h + 6*h. Suppose -21 = h*w - 5*w. What is the remainder when 17 is divided by w?
3
Let h(u) = -24*u - 22. Calculate the remainder when 412 is divided by h(-2).
22
Suppose 0 = -3*w - 9, -3*p + 3*w = 6*w - 144. Suppose -p = -2*t - 11. Calculate the remainder when 136 is divided by t.
16
Suppose 3*h - 109 = -5*n, -23 = -h - 2*n + 3*n. Calculate the remainder when h is divided by (3 + -3 + (-3 - -1))/((-74)/259).
0
Let s(w) = -w - 19. Let l be s(-11). Calculate the remainder when 93 is divided by (l/(-3) - 4)/((-3)/27).
9
Let m = -260 - -268. What is the remainder when 15 is divided by m?
7
Suppose 7*z = 1234 + 404. Suppose 0 = -g - 8*g + z. What is the remainder when g is divided by 16?
10
Let w = -890 + 946. Calculate the remainder when 444 is divided by w.
52
Let u = -44 + 54. Let l = -2 - -4. Let k = l + u. What is the remainder when k is divided by 7?
5
Let r be -3 + 2*(-219)/(-6). Suppose -6*z + r = 4*z. What is the remainder when z is divided by 1?
0
Suppose -66 = -5*r - 6. Suppose -5*d + 115 + 30 = 0. Suppose -2*y - d = -121. Calculate the remainder when y is divided by r.
10
Suppose 69 - 171 = -3*u. Calculate the remainder when u is divided by ((-92)/(-20) + -1)/((-6)/(-20)).
10
Suppose 0 = 2*j + 3*m - 45, 7*m = -4*j + 3*m + 80. Calculate the remainder when 8 + -3 + (7 - -37) is divided by j.
4
Let a = -3917 - -3925. Let h(q) = 13*q - 6. What is the remainder when h(4) is divided by a?
6
Calculate the remainder when 82 is divided by (-4 + 50/(-4))*4/(-3).
16
Suppose 39*y - 1010 = 1447. Calculate the remainder when 1133 is divided by y.
62
Let l(m) = -10*m**3 + m**2. Suppose -4*g + 22 = 3*v, -g - v + 125 = 119. What is the remainder when l(-1) is divided by g?
3
Let v = 29 + -31. What is the remainder when -1 - -8 - v/(-1) is divided by 2?
1
Let y be (-3)/(-3*5) - (-379)/5. Let j = y - 58. Suppose 4*t = 2*t + 10, -76 = -2*p - 2*t. What is the remainder when p is divided by j?
15
Suppose -37 = -13*k - 11. What is the remainder when 12 is divided by k?
0
Let d = -307 - -314. What is the remainder when 19 is divided by d?
5
Suppose 0 + 8 = 2*w, 8 = -2*q + 2*w. Calculate the remainder when 99 is divided by q - -15*(-20)/(-15).
19
Let l(x) = -x**3 + 5*x**2 + x + 1. Let h = 69 + -64. What is the remainder when l(4) is divided by h?
1
Let g be 3/(-2)*258/(-9). Suppose 40*h - g*h = -9. Suppose 17 = 4*z - 39. What is the remainder when z is divided by h?
2
Let y(g) = -3*g**2 + 31*g + 13. Let t = 10 + 14. Calculate the remainder when y(8) is divided by t.
21
Let w = 83 + -44. Suppose -2*x + 11 = -4*x - 5*f, x + f + 4 = 0. Calculate the remainder when 25 is divided by 481/w + (-2)/x.
12
Suppose 544 = 28*t - 3488. What is the remainder when t is divided by 52?
40
Let d be (-84)/24*(2 - 4). Suppose -3*f - 24 = -d*f. Calculate the remainder when 23 is divided by f.
5
Let u(l) be the third derivative of -l**5/60 + 11*l**4/24 - 7*l**3/3 - 10*l**2. What is the remainder when u(6) is divided by 9?
7
Let t = 1667 - 858. Calculate the remainder when t is divided by 30.
29
Let r = -140 + 235. What is the remainder when r is divided by 6?
5
Suppose 0 = 5*q - 10 - 0. Suppose 0 = q*d + 4*k + 2, k + 32 = 4*d. Suppose -1 = b + t - 15, 3*b - 37 = -4*t. Calculate the remainder when b is divided by d.
5
What is the remainder when 109 is divided by (1 + 0)*(-2 - -43 - 2)?
31
Suppose h = -12 - 11. Let f = h + 41. Let x(p) = 8*p**2 - 1. Calculate the remainder when f is divided by x(-1).
4
Let h = -1045 + 1141. What is the remainder when 379 is divided by h?
91
Let c be 9/2 - 2/(-4). Suppose 4*d = -c*j - 7, -j + 8 - 1 = 5*d. Suppose -k + 51 = 3*m + d*k, -2*k - 68 = -4*m. What is the remainder when 63 is divided by m?
12
Suppose 45 + 21 = 11*l. What is the remainder when 76 is divided by l?
4
Calculate the remainder when 390/(-4)*-2 - 0/(-3) is divided by 50.
45
Let a = -119 + 49. Let l = a + 99. What is the remainder when 72 is divided by l?
14
Let i(c) = -9*c - 27. Calculate the remainder when 282 is divided by i(-11).
66
Suppose 0 = 2*o - 4*h - 76, 0*o + 2*o + 5*h = 31. What is the remainder when o is divided by 3?
1
Suppose -4*f = 3*w - 5*f - 26, 2*w - 21 = -3*f. Suppose -9*c + 0*c = -w. What is the remainder when 2 is divided by c?
0
Let l = 437 + -423. What is the remainder when 38 is divided by l?
10
Suppose 0*o - 4*o = -88. Let c(j) = 3*j - 19. Let h be c(5). What is the remainder when o is divided by 22/4 - 2/h?
4
Let m(a) be the first derivative of -a**3/3 - 13*a**2/2 - 16*a + 4. Calculate the remainder when 16 is divided by m(-11).
4
Let c